+ 28 = -34. Suppose 0 = -2*x + 39 - 3. What is the greatest common factor of b and x?
18
Suppose 7*m - 5*m - 30 = -2*d, 0 = 5*d - m - 105. Suppose 4*u = u + 15. Calculate the highest common factor of d and u.
5
Let l be ((-2)/3)/(1/(-15)). What is the highest common divisor of l and 15?
5
Let h = 4 - 2. Suppose -y = 0, h*x - 390 = -y - y. Suppose -x = -8*t + 3*t. Calculate the greatest common factor of 13 and t.
13
Let b(q) = q**3 + q**2 - q + 2. Let v = -2 + 0. Let m be b(v). Let a be m*(-2)/(-4) + 5. Calculate the greatest common factor of a and 20.
5
Suppose 19 = -2*w + 51. Let h(a) = -a**3 + 17*a**2 - 10*a - 20. Let b be h(w). Calculate the greatest common divisor of 19 and b.
19
Let t = -13 + 17. Calculate the greatest common factor of 36 and t.
4
Let x(z) = -z**3 + 4*z**2 + 3*z - 2. Let c be x(3). Let t be (-258)/(-4) - (-3)/(-6). Calculate the highest common divisor of c and t.
16
Let p(o) = -o**3 - o**2 + 5*o + 3. Let s be p(-3). What is the greatest common divisor of s and 66?
6
Let k(d) = d**3 - 6*d**2 - 7*d + 5. Suppose 5*z = 47 - 12. Let j be k(z). Let r = 58 - 3. What is the highest common factor of r and j?
5
Let o(s) = 2*s - 1. Let y be o(1). Let r be (2 - y) + 0 - -17. What is the highest common factor of r and 54?
18
Let x = 101 - 35. Suppose -4*v + x = -2*v. Let p = 6 - 3. Calculate the greatest common divisor of p and v.
3
Let g(k) = 2*k**2 + 9*k - 33. Let j be g(-10). What is the greatest common factor of 7 and j?
7
Suppose -4*u - 3*k + 24 = 10, -11 = -3*u - 2*k. Suppose 26 + 74 = 5*w. Calculate the highest common divisor of w and u.
5
Let g(y) = 4*y**3 - 3*y**2 + 2. Let n be g(2). Calculate the highest common factor of n and 66.
22
Let r = 24 - 9. What is the highest common divisor of r and 135?
15
Let j(m) = -m**2 - 6*m + 1. Let l be j(-6). Suppose l + 7 = 4*c. Suppose -2 = 2*h + c*a, a = -3*a - 8. What is the highest common divisor of 5 and h?
1
Let u be ((-52)/39)/(2*(-2)/66). What is the greatest common divisor of u and 55?
11
Suppose 3 + 3 = 2*o. Calculate the highest common divisor of 9 and o.
3
Let c = -15 - -26. Let p(q) = 2*q**2 + 16*q + 15. Let d be p(-10). What is the greatest common factor of c and d?
11
Suppose -3*l = -0*l - 6, 5*n = l + 18. Suppose n*p = -5*k + 7, -2*p + 34 = p - 2*k. Calculate the highest common divisor of p and 8.
8
Let a = -14 + 21. Let g = -99 + 106. Calculate the highest common divisor of g and a.
7
Let t(r) = 12*r + 31. Let y be t(18). Calculate the highest common factor of y and 19.
19
Let i(v) be the second derivative of v**5/20 - 3*v**4/4 - 2*v**2 + 3*v. Let h be i(10). What is the greatest common factor of h and 12?
12
Let d(q) = 3*q**2 - 15*q + 4. Let w be d(10). Calculate the greatest common factor of w and 44.
22
Let v be 0/((1*2)/(-2)). Let x = -73 + 113. Suppose v = j + 3*j - x. Calculate the greatest common divisor of 70 and j.
10
Suppose -583 = -13*h - 115. Calculate the greatest common factor of h and 9.
9
Let o be ((-60)/(-25))/(6/20). What is the greatest common divisor of o and 4?
4
Let g = -74 - -83. Let n be -107 - (0 - (-1 + 0)). Let f = -63 - n. What is the greatest common divisor of g and f?
9
Let x be 1*-20 - (-2 + 1). Let c = -5 - x. Let y(n) = n**2 + 7*n + 6. Let k be y(6). Calculate the greatest common divisor of c and k.
14
Let j be 2*1 - 2/(-1). Suppose 0 = -m + 11 + 25. Calculate the greatest common factor of j and m.
4
Let g = 74 - 70. Calculate the greatest common divisor of 3 and g.
1
Let d(m) = m + 1. Let r be d(6). Suppose -2*i + 150 = -r*i. Let a = i - -46. Calculate the highest common factor of 144 and a.
16
Suppose -3*y = -26 - 16. Suppose 2*j + n - y = 0, -4*j - 5*n + 0*n = -40. Let z = -40 - -80. What is the greatest common factor of z and j?
5
Let a be (-4)/3*(-3)/(-2). Let b be (-32)/a - (-3)/(-1). Calculate the highest common factor of 26 and b.
13
Let x be (1 + 2)*(-14)/(-3). Let t be (2/(-1) - -4) + 1. Suppose -5*i + 3*o + o + 564 = 0, -t*o = -2*i + 227. What is the highest common factor of i and x?
14
Suppose -4*p - 4*s + 12 = -24, -3*s = -9. What is the greatest common divisor of p and 2?
2
Suppose -v + 0*v = -12. Suppose -4*u + h + 387 = 0, 3*u - h - 279 = -4*h. What is the highest common divisor of u and v?
12
Let f = 31 - -17. What is the highest common divisor of f and 32?
16
Suppose s - 3*s + 264 = 0. What is the greatest common divisor of 12 and s?
12
Let v(y) = y**2 + y - 2. Let d be v(2). Let a be ((-24)/(-5))/((-3)/(-40)). Suppose -2*r + a = -0*r. What is the greatest common divisor of r and d?
4
Suppose d = 4*h - 16, 3*d = -2*h - 4 + 26. What is the highest common factor of 45 and h?
5
Let b(k) = k**3 - 5*k**2 + 8. Let m be b(5). What is the greatest common factor of 152 and m?
8
Let h(j) = -j**3 - 2*j**2 - 5*j - 4. Let i be h(-4). Calculate the highest common factor of i and 12.
12
Suppose 2*g = 22 - 18. Suppose -10 = -g*o + 44. Calculate the greatest common divisor of 27 and o.
27
Suppose -y = y. Suppose 2*d + y*d = -92. Let b = d - -73. What is the greatest common divisor of b and 9?
9
Let f = 18 + -5. Calculate the greatest common divisor of 104 and f.
13
Let v = -22 - -10. Let j be (-2)/v - 322/(-12). Calculate the highest common divisor of j and 9.
9
Suppose -2*x = -0*x. Suppose -6*q - 5*s + 441 = -2*q, x = q + 4*s - 124. Calculate the highest common divisor of 13 and q.
13
Suppose 0 = 3*r - 6*r + 972. Suppose -3*m - r = -6*m. What is the highest common divisor of m and 27?
27
Suppose 8*k - 27 = 165. Calculate the highest common factor of 48 and k.
24
Suppose -10*k - 8*k = -2268. Calculate the greatest common divisor of 18 and k.
18
Suppose 17 = -b - 4. Let w = b + 30. Let a(h) = -h**2 + 10*h - 5. Let q be a(w). Calculate the highest common factor of q and 2.
2
Let t(r) = -21*r + 4. Let a be t(-3). Let y = -32 + a. Let c be -20 + 22 - (1 - 13). What is the greatest common factor of y and c?
7
Suppose -4*y - 1 = -9. What is the highest common factor of y and 8?
2
Let a(t) = -t + 3. Let b(n) = 2*n - 7. Let k(p) = -5*a(p) - 3*b(p). Let g be k(4). Suppose 0 = -g*v + 3*v - 21. Calculate the greatest common factor of 3 and v.
3
Suppose -3*d - 3*v = -18, 2*d + 4*v - 22 = -d. Suppose 0 = d*q - 3*q + 5. Let r = 32 + -17. Calculate the highest common divisor of r and q.
5
Let x(l) = -3*l**2 + 5*l - 7. Let z(o) = -13*o**2 + 19*o - 29. Let k(t) = 9*x(t) - 2*z(t). Let r be k(5). Calculate the highest common divisor of 2 and r.
1
Let g = 9 - 3. Let j(r) = r**3 - 5*r**2 - 5*r + 2. Let q be j(g). Calculate the greatest common divisor of 56 and q.
8
Let g be (-4)/(-16) - 87*2/(-8). Calculate the highest common divisor of g and 33.
11
Let f be 10/4 + (-1)/2. What is the greatest common divisor of 16 and f?
2
Let a be -7 + 9/3 + 22. What is the greatest common divisor of 162 and a?
18
Let n = 14 - 8. Suppose 0 = -5*u + 2*g + 13 - n, 5*g - 20 = 0. Suppose -l - u*q = q - 20, 0 = -l - q + 14. Calculate the highest common divisor of 96 and l.
12
Let a(r) be the first derivative of -r**4/4 - 5*r**3/3 + 7*r + 6. Let k be a(-5). Calculate the highest common divisor of k and 21.
7
Let w(c) = 2*c**2 + 6*c. Suppose 0 = 2*r - k - 15, 0*r + 4*r + 5*k + 5 = 0. Let a be w(r). Calculate the greatest common factor of 32 and a.
16
Suppose 558 = -0*s + 6*s. What is the highest common divisor of 62 and s?
31
Let m be 0/(-3) - 2*-1. Let s be 30 + (-4 - -2) + m. Let c be (-7 + 4/2)*-15. What is the highest common factor of s and c?
15
Let u(x) = x**2 + 5*x - 2. Let v be u(6). Let r = 17 + v. Calculate the greatest common factor of 9 and r.
9
Let i be -1*(0 - -1 - 1). Suppose -5*r + 4*w = -16, -4*w + i = -4. Calculate the greatest common factor of 4 and r.
4
Let b = -3 - -5. Suppose -30 - 25 = -y - x, -b*y + x + 95 = 0. Calculate the highest common factor of y and 20.
10
Let x be (10 + -7)*(-1 - -4). Let o = -85 + 148. Calculate the highest common divisor of x and o.
9
Suppose 0 = 7*d - 8*d - 4. Let k be d/(-26) + 315/65. Calculate the highest common factor of k and 45.
5
Suppose 0*s - 63 = -3*s. Suppose 0 = 5*t + 5*w - 15, w + 2 - 1 = 0. Suppose -3 = -t*a + 9. What is the greatest common divisor of s and a?
3
Let d be ((-2)/1 - -12)/1. Let i = -60 - -65. What is the greatest common factor of d and i?
5
Let s be (-2)/(-9) - (-10)/(-45). Suppose r - 6 + s = 0. Wha